mmon factor of 70 and 19362?
14
Calculate the greatest common factor of 1205075 and 19.
19
What is the greatest common factor of 17766 and 66458?
658
What is the highest common divisor of 222 and 27158?
74
What is the highest common divisor of 214 and 153438?
214
What is the highest common divisor of 307335 and 1533?
21
Calculate the highest common factor of 1631745 and 81.
81
Calculate the greatest common factor of 78013 and 17.
17
Calculate the greatest common factor of 20 and 562805.
5
What is the greatest common divisor of 294 and 252056?
98
Calculate the greatest common divisor of 539962 and 4.
2
What is the highest common divisor of 11840 and 32960?
320
Calculate the greatest common factor of 137517 and 161.
23
What is the highest common divisor of 637192 and 12?
4
Calculate the highest common factor of 21618 and 1044.
18
What is the highest common factor of 1188 and 272646?
594
What is the greatest common divisor of 198156 and 336?
84
What is the highest common factor of 135660 and 4930?
170
What is the greatest common divisor of 2976 and 5797?
31
Calculate the greatest common divisor of 104 and 1120964.
52
What is the greatest common factor of 56 and 2984?
8
What is the greatest common factor of 447 and 68093?
149
Calculate the highest common factor of 469 and 58156.
469
What is the greatest common divisor of 89401 and 338?
169
Calculate the greatest common factor of 1206 and 382302.
1206
What is the highest common factor of 2405986 and 22?
22
Calculate the highest common factor of 45 and 14826195.
45
What is the highest common factor of 541722 and 226?
226
Calculate the greatest common factor of 62 and 255967.
31
Calculate the highest common divisor of 3234864 and 912.
912
What is the highest common divisor of 1903567 and 172?
43
Calculate the greatest common factor of 84 and 25068.
12
Calculate the highest common divisor of 15961 and 7799.
11
Calculate the greatest common factor of 132 and 17919.
33
Calculate the greatest common factor of 9206187 and 1587.
1587
What is the greatest common divisor of 23425 and 113377?
937
What is the highest common factor of 64210 and 130?
10
What is the highest common factor of 70 and 304815?
35
What is the highest common factor of 4725 and 94815?
315
What is the greatest common divisor of 1710 and 9810?
90
Calculate the highest common factor of 3579 and 57.
3
What is the highest common divisor of 2692948 and 892?
892
Calculate the greatest common divisor of 53202 and 6.
6
What is the highest common factor of 149150 and 5130?
190
Calculate the greatest common factor of 294330 and 30.
30
What is the greatest common factor of 3168 and 38544?
528
What is the highest common factor of 494 and 10322?
26
Calculate the greatest common divisor of 616 and 5367208.
616
What is the highest common factor of 30324 and 420?
84
Calculate the highest common divisor of 11139 and 282.
141
What is the greatest common divisor of 721708 and 1508?
52
Calculate the greatest common factor of 54957 and 4389.
21
Calculate the greatest common divisor of 437592 and 168.
24
Calculate the highest common factor of 1967 and 70.
7
What is the highest common divisor of 3 and 1167897?
3
What is the highest common divisor of 3336 and 96?
24
Calculate the highest common factor of 157447 and 632.
79
What is the highest common divisor of 891 and 2547?
9
Calculate the highest common factor of 36 and 20322.
18
Calculate the greatest common divisor of 93123 and 27.
27
Calculate the highest common divisor of 236 and 24828.
4
Calculate the highest common divisor of 72 and 792.
72
Calculate the highest common factor of 124701 and 4137.
591
What is the greatest common factor of 24 and 188808?
24
Calculate the highest common divisor of 23427 and 6.
3
Calculate the greatest common factor of 372 and 186168.
12
Calculate the highest common divisor of 4730 and 6794.
86
Calculate the greatest common factor of 1885406 and 464.
58
Calculate the greatest common factor of 73324 and 736.
92
What is the greatest common factor of 6811 and 98?
49
Calculate the greatest common factor of 228116 and 16.
4
What is the highest common divisor of 1092 and 2058?
42
What is the highest common divisor of 96 and 16518?
6
Calculate the greatest common factor of 95 and 1485.
5
What is the highest common factor of 55731 and 191486?
1429
What is the highest common divisor of 14400 and 3980?
20
What is the highest common divisor of 639 and 7875?
9
What is the greatest common factor of 204 and 68724?
12
Calculate the highest common divisor of 8 and 567928.
8
What is the greatest common divisor of 2594218 and 1628?
814
Calculate the highest common factor of 512 and 12976.
16
What is the greatest common factor of 28735 and 3290?
35
Calculate the highest common divisor of 1921 and 80240.
17
What is the highest common divisor of 148 and 1540532?
148
What is the highest common factor of 4189 and 23246?
59
Calculate the highest common divisor of 21912 and 5280.
264
What is the greatest common divisor of 74 and 7659?
37
Calculate the greatest common divisor of 155704 and 16.
8
Calculate the greatest common factor of 6873 and 3792.
237
Calculate the greatest common factor of 35772 and 1716.
132
What is the highest common divisor of 47 and 303197?
47
Calculate the greatest common factor of 1050 and 1554.
42
What is the greatest common factor of 600 and 4832?
8
Calculate the greatest common factor of 252 and 1467.
9
What is the greatest common factor of 117 and 404989?
13
What is the highest common factor of 93640 and 115?
5
Calculate the greatest common factor of 83 and 601.
1
What is the greatest common divisor of 99464 and 96?
8
Calculate the greatest common divisor of 49911 and 3144.
393
Calculate the greatest common factor of 1697 and 14304013.
1697
Calculate the highest common factor of 45 and 142533.
9
Calculate the greatest common divisor of 210 and 516390.
210
What is the highest common divisor of 381815 and 105?
35
Calculate the highest common factor of 10494 and 25440.
318
Calculate the greatest common divisor of 16882 and 15019.
23
What is the highest common divisor of 57273 and 51?
51
What is the highest common divisor of 8205 and 344063?
547
What is the highest common divisor of 2 and 487066?
2
What is the highest common factor of 1036 and 1184?
148
What is the greatest common factor of 256 and 2607872?
256
What is the highest common factor of 495510 and 2407?
83
Calculate the highest common factor of 19550 and 150.
50
What is the highest common factor of 1727 and 3223?
11
Calculate the highest common factor of 2289 and 16527.
21
What is the greatest common divisor of 192588 and 12?
12
What is the greatest common divisor of 16644 and 24?
12
What is the greatest common factor of 506 and 16514?
46
Calculate the greatest common factor of 196 and 7189.
7
Calculate the highest common divisor of 10 and 566590.
10
Calculate the greatest common factor of 9782 and 2010.
134
What is the highest common factor of 8283 and 198?
33
Calculate the highest common divisor of 2369 and 37720.
23
What is the greatest common divisor of 25254 and 1281?
183
What is the greatest common divisor of 6496 and 720?
16
What is the highest common divisor of 3492216 and 130?
26
What is the greatest common divisor of 156300 and 6?
6
What is the greatest common factor of 36718 and 22?
22
What is the highest common divisor of 726 and 48?
6
What is the greatest common factor of 53 and 277?
1
Calculate the greatest common divisor of 872 and 6468932.
436
Calculate the highest common factor of 492 and 3036.
12
What is the highest common divisor of 149 and 7123?
1
What is the greatest common divisor of 2071948 and 824?
412
What is the greatest common factor of 10 and 102230?
10
Calculate the greatest common divisor of 79144 and 312.
104
Calculate the greatest common divisor of 280 and 1044288.
56
Calculate the highest common factor of 77828 and 12.
4
Calculate the greatest common divisor of 290 and 315.
5
What is the greatest common divisor of 67565 and 80?
5
What is the greatest common divisor of 10073 and 14?
7
What is the highest common factor of 755 and 12?
1
Calculate the highest common divisor of 139 and 373493.
139
Calculate the greatest common factor of 15485 and 52160.
815
Calculate the greatest com